et q(o) = o**2 - o + 1. Let m(d) = -2*q(d) + u(d). What are the prime factors of m(0)?
3
Let z = -70 - -98. List the prime factors of (-8)/z + (-163)/(-7).
23
Let p(m) = m - 1. Let l be p(-3). Let q be l*-2*(-2)/(-4). Suppose -5*c - 4*h = -42, 3*c - q*h - 1 - 37 = 0. List the prime factors of c.
2, 5
Let g = 14 - 10. Suppose -3*j = 5*c - 102 + 41, -40 = -5*j + g*c. List the prime factors of j.
2, 3
Let y = -10 - -20. Suppose 0 = 3*z - 2*f + y - 75, -4*f - 61 = -3*z. What are the prime factors of z?
23
Suppose 0*b - 2 = b. Let f = b + 4. List the prime factors of f.
2
Let m(u) = u**3 - 7*u**2 - 6*u - 9. List the prime factors of m(8).
7
Let y(o) = 4*o**3 - 2*o**2 - 4*o + 4. What are the prime factors of y(3)?
2, 41
Suppose 5*q - 1 = 9. Suppose q*v - 21 = -v. Suppose v = -2*h + 3*h. What are the prime factors of h?
7
Suppose 0 = 5*a - 3*l - 280, 168 = 3*a - l + 4*l. List the prime factors of a.
2, 7
Let u(y) be the third derivative of 0 + 0*y - 1/60*y**5 - 1/4*y**4 + 2*y**2 - 1/6*y**3. What are the prime factors of u(-3)?
2
Let p(u) = u**3 + 8*u**2 + 6*u - 7. Let b be p(-7). Suppose 0 = 5*q - b*q + 60. What are the prime factors of (q/(-8))/((-6)/(-8))?
2
Let o = -2 + 4. Let q be 47/(0 + (-1)/o). List the prime factors of (-8)/20 + q/(-10).
3
Suppose 0*m = 4*m + 12, -10 = -4*u - 2*m. Suppose -10 = -u*x + 86. Suppose -5*t + x = 4. List the prime factors of t.
2
Let h(d) = d**3 - 3. List the prime factors of h(3).
2, 3
Suppose j + 3*j = -3*k - 2, 4*j = -4*k. Suppose -k*u = -18 - 34. List the prime factors of u.
2, 13
Let p be (-8)/(-16) + 31/(-2). List the prime factors of (-1*30)/(10/p).
3, 5
Let f(s) = s**3 - 2*s**2 + 5*s - 4. What are the prime factors of f(3)?
2, 5
Let q(k) = -4*k. Let g be q(-1). Suppose -4*u = c - 3*c - 16, -c = g*u - 4. Suppose 6*w - u*w - 8 = 0. List the prime factors of w.
2
Let v = -26 + 53. What are the prime factors of v?
3
Suppose 0 = -t - 2*j + 12, -j + 16 = 2*t + j. Let n be (-2)/5 - 4/(-10). Suppose 0 = -t*x - n*x + 48. What are the prime factors of x?
2, 3
Let w(i) = i**3 - 2*i**2 - 2*i + 2. Let g be w(3). Suppose 3*l + g + 19 = 0. Let t = 1 - l. List the prime factors of t.
3
Let n(y) = -y**3 - 3*y**2 + 2*y + 4. Let f be n(-3). Let k be (f/5)/((-5)/25). Suppose k*t - 11 = 5. What are the prime factors of t?
2
What are the prime factors of (-22)/77 + 233/7?
3, 11
Suppose 0 = 4*p + 2*x - 68, 5*p - 4*x - 99 = -3*x. What are the prime factors of p?
19
Let y = -31 + 81. List the prime factors of 5/(y/(-4))*-30.
2, 3
Let x = -34 + 11. What are the prime factors of (3 - x)/(-1 - -3)?
13
Let k = 1 - 1. Let s be (-2)/(-6) - (-15)/9. Suppose s*a - 6*a + 40 = k. What are the prime factors of a?
2, 5
Suppose -1 = 3*m - 31. Suppose 4*o + 2 + m = 0. Let h(q) = -q. List the prime factors of h(o).
3
Suppose 3*g - 12 = 0, -6*g = 2*q - g - 34. Suppose 35 = 5*j + 5*m, -j + m = -m + 8. Let l = j + q. What are the prime factors of l?
3
List the prime factors of (567/7)/(3 + -2).
3
Let u(c) = c**2 - 1. Let o be u(-3). Let h(l) = 9 - o*l + l + l + l**2. List the prime factors of h(6).
3
Suppose -6 + 22 = -4*q. Let a = 22 + q. Suppose -3*x = -a - 9. What are the prime factors of x?
3
Suppose -22*a + 24*a - 8 = 0. Suppose 9 = a*p - 27. List the prime factors of p.
3
Let j be 28*1/5*-5. Let c be -3*(j/6)/1. Suppose 0 = 4*r + 3*w - 11, 5*r - 4*r - 3*w - c = 0. What are the prime factors of r?
5
Suppose -9 = 3*j - 0*j. Let i = 23 + j. What are the prime factors of i?
2, 5
Suppose f = -1 + 7. Suppose f*m = 13 - 1. What are the prime factors of m?
2
Let l be (-5 - 0)/(0 + -1). Suppose 5*k = o - 20, -3*o - 55 = -5*o + l*k. What are the prime factors of o?
5, 7
Suppose 2*p - 2*c + 10 = 334, 0 = 2*c + 2. List the prime factors of p.
7, 23
Let q(k) = k**2 - 2. Let r be q(-3). Let x = r + -5. List the prime factors of x.
2
Let l = 61 - 24. Let f = l - 19. List the prime factors of f.
2, 3
Suppose -2*k = -53 - 11. What are the prime factors of k?
2
Let g(o) = 8*o**2 - 3*o - 4. List the prime factors of g(3).
59
Suppose 0*l + 8 = 2*l. List the prime factors of (-246)/(-10) - l/(-10).
5
Let v = 22 - 28. What are the prime factors of (50/v)/(1/(-3))?
5
Let a(b) = 2*b**3 - 3*b**2 - b + 4. Suppose -3*n - 4 + 13 = 0. List the prime factors of a(n).
2, 7
Let z = 132 + -54. List the prime factors of z.
2, 3, 13
Suppose -3*w + 0*w = 4*g - 138, 2*w - 2*g - 92 = 0. What are the prime factors of w?
2, 23
Let f = -1 + 1. Suppose 2*j + 2*r + 15 - 77 = f, 3*j - 89 = -5*r. Let d = j + -21. What are the prime factors of d?
2, 3
Suppose -4*z = -5*c - 17 - 60, -5*z = 4*c - 86. List the prime factors of z.
2, 3
Let p(r) = -2 + 2*r - r**2 + 0 + r + 3*r. Let s be p(4). Suppose 2*h - 13 = y, h - y - s = -0*h. List the prime factors of h.
7
Let u be (-4 - -3) + 8 + -2. Suppose -2*h - 46 = 4*x, -5*x + 155 - 55 = -u*h. Let j = h - -30. What are the prime factors of j?
3
Let p be 3/(-6) - (-87)/(-6). Let f = p + 25. List the prime factors of f.
2, 5
Let d be 54/(-12)*(-4)/6. List the prime factors of 35/d - (-2)/6.
2, 3
Suppose -7*k + k + 30 = 0. Suppose 5*c = -i + 143, 2*c + 2*i = -0*i + 62. Suppose -h - c = -k*h. List the prime factors of h.
7
What are the prime factors of (0 + 2 - 48)/(-2) + -3?
2, 5
Suppose -4*i + i = 45. Let t = i - -25. List the prime factors of t.
2, 5
Let u be (1 - -3) + 1 - -2. Let r(w) = -w + 12. List the prime factors of r(u).
5
Let m = 14 - 5. Let g = 16 - m. List the prime factors of g.
7
Suppose -4*o + 9*o + 60 = 0. List the prime factors of 4/o + 14/6.
2
Suppose -4*a + 42 = 2. List the prime factors of a.
2, 5
Let s(n) = -n + 4. Suppose 0 = 5*h - h - 4, 0 = r - 4*h - 5. Let d be s(r). What are the prime factors of (d - -2) + 24/3?
5
Let p = 13 - -6. Let k = 7 + -4. Suppose 0 = -3*c + 2*f - 4*f + p, 0 = -k*c + 3*f + 24. What are the prime factors of c?
7
Let t be 7/(28/(-8)) + -4. Let y = t - -20. What are the prime factors of y?
2, 7
Suppose -88 = -3*n - n. Suppose n = o + o. What are the prime factors of o - (-3)/(6/(-2))?
2, 5
Let t(w) = w**2 - 5*w - 8. Let a(b) = b**3 + 6*b**2 + 3*b - 4. Let o be a(-5). Let d be t(o). List the prime factors of 84/9 - d/3.
2, 5
List the prime factors of ((-4845)/60)/((-1)/4).
17, 19
Let p = 11 + -6. Suppose -125 = -0*i - p*i. What are the prime factors of i?
5
Let c be 29/2 + (-7)/(-14). Let i be 4/(-8) + c/2. Let y(u) = -u**2 + 10*u - 7. What are the prime factors of y(i)?
2, 7
Let c = -2 - -4. Suppose 4*u - 2*u = -c. Let k(i) = 4*i**2. What are the prime factors of k(u)?
2
Suppose 0 = -u + l + 3*l - 6, -2*l = -2*u. Let o = 14 - u. What are the prime factors of o?
2, 3
Let i be (-22)/(-8) + (-1)/(-4). Suppose -o + 4*q + 35 = 0, 4*o - 3*q = -o + 90. Suppose 5*y - 18 = 4*k - 91, i*y = -o. What are the prime factors of k?
2, 3
Let m(j) = -2*j**3 + j**2 + j + 1. List the prime factors of m(-1).
3
Suppose 0 = 37*n - 35*n - 52. What are the prime factors of n?
2, 13
Let x = 8 - 17. Let v be (-3)/x + (-178)/(-6). Suppose 0*q - v = -3*q. What are the prime factors of q?
2, 5
What are the prime factors of 126/(-4)*(-828)/161?
2, 3
Let h = 31 - 12. Let f = 32 - h. What are the prime factors of f?
13
Let m be (-5)/10*(-25 - -1). Let c = m - -2. List the prime factors of c.
2, 7
Let v be (1/1)/((-4)/12). Let l be 1 + v + 2 - 0. Suppose l = -2*q - 1 + 17. What are the prime factors of q?
2
Suppose 14 = -2*r - 4*h, -4*r + h - 8 = 5*h. Suppose 16 = -4*g, r*d + 8*g + 20 = 3*g. List the prime factors of 3 - 2 - (-8 - d).
3
What are the prime factors of (-1)/(1/(-38)) + (-21)/(-7)?
41
Let i(s) = -2*s - 9. Let r be i(-7). Suppose 11 = 4*w - z - 5, -r*z + 8 = 2*w. Suppose 0 = -c + 3*h + h + 33, w*c + h - 64 = 0. List the prime factors of c.
17
What are the prime factors of (11 - -3) + -2*1?
2, 3
Suppose 0*j - 51 = -5*j + 3*m, -36 = -4*j + 4*m. List the prime factors of j.
2, 3
Suppose -n = -4*n - 45. What are the prime factors of 170/n*6/(-4)?
17
Suppose 3*v = -v - 4*i + 1092, v + 4*i = 261. List the prime factors of v.
277
Suppose -9*o + 230 + 706 = 0. What are the prime factors of o?
2, 13
What are the prime factors of 470/35*(-7)/(-1)?
2, 47
Let o(y) = y**3 - 13*y**2 - 11*y - 15. Let u be (-3)/(-2)*28/3. What are the prime factors of o(u)?
3
Let l = -16 + 52. List the prime factors of l.
2, 3
Let l = 2 - 0. Let b = 20 